{"id":4422,"date":"2026-02-03T19:07:00","date_gmt":"2026-02-03T22:07:00","guid":{"rendered":"https:\/\/yamilapica.com\/?post_type=product&#038;p=4422"},"modified":"2026-04-17T09:13:59","modified_gmt":"2026-04-17T12:13:59","slug":"taller-imagen-personal-yamila-pica","status":"publish","type":"product","link":"https:\/\/yamilapica.com\/index.php\/producto\/taller-imagen-personal-yamila-pica\/","title":{"rendered":"TALLER DE IMAGEN PERSONAL CON YAMILA PICA 05 de Junio 2026"},"content":{"rendered":"<p style=\"text-align: center;\">Este encuentro <strong>PRESENCIAL se realizar\u00e1 el Viernes 05 de Junio de 18:00 a 20:30 hs. <\/strong><\/p>\n<p style=\"text-align: center;\">Tiene una duraci\u00f3n de 2.30 horas te ayudar\u00e1 a entender por que nunca ten\u00e9s que<br \/>\nponerte, y a comprar de manera inteligente usando la moda a tu favor, para que<br \/>\nsimplemente empieces a usar lo que te gusta no lo que se usa.<\/p>\n<p>&nbsp;<\/p>\n<h3 style=\"text-align: center;\"><strong>Temario:<\/strong><\/h3>\n<p style=\"text-align: center;\">Introducci\u00f3n: la Belleza Honesta y la importancia de la autoaceptaci\u00f3n.<\/p>\n<p style=\"text-align: center;\">Tipolog\u00edas corporales, prendas que s\u00ed y que no.<\/p>\n<p style=\"text-align: center;\">Diagn\u00f3stico corporal de cada participante<\/p>\n<p style=\"text-align: center;\">Tipolog\u00edas de rostro, Accesorios y cortes que s\u00ed.<\/p>\n<p style=\"text-align: center;\">Diagn\u00f3stico de rostro de cada participante<\/p>\n<p style=\"text-align: center;\">Tendencias \u00a02026<\/p>\n<p style=\"text-align: center;\">Diagn\u00f3stico de Colorimetr\u00eda a cada participante y tips de maquillaje<\/p>\n<p style=\"text-align: center;\">Reflexi\u00f3n final sobre lo aprendido<\/p>\n<p style=\"text-align: center;\"><em>Material Adicional: se envia de manera digital una ficha de accesorios de rostro, y colores indicados<\/em><br \/>\n<em>seg\u00fan diagn\u00f3stico de colorimetr\u00eda.<\/em><\/p>\n<p>&nbsp;<\/p>\n<p style=\"text-align: center;\">Cupos Limitados. Inscripci\u00f3n anticipada.<\/p>\n<p style=\"text-align: center;\"><strong>Fecha y hora de dictado : VIERNES 05 de JUNIO de 18 a 20:30 hs<\/strong><br \/>\n<strong>Valor del taller $ 168.800<\/strong><br \/>\n<strong>Modalidad Presencial.<\/strong><\/p>\n<p style=\"text-align: center;\">Lugar de dictado: Carlos Pelegrini 700 \u2013 CABA<\/p>\n<p>&nbsp;<\/p>\n<p style=\"text-align: center;\">El taller se abona por adelantado, a trav\u00e9s del bot\u00f3n de compra.<\/p>\n<p style=\"text-align: center;\"><strong>En caso de no concurrir no se reintegra el importe abonado, dado que el pago del mismo reserva el cupo.<\/strong><\/p>\n<p style=\"text-align: center;\">Una vez abonado el taller por favor enviar comprobante a <a href=\"mailto:contacto@yamilapica.com\">contacto@yamilapica.com<\/a><\/p>\n","protected":false},"excerpt":{"rendered":"<p>Si sos de las que gasta mucho dinero en ropa que despu\u00e9s no usa,<br \/>\nporque no la representa.<br \/>\nSi siempre estas en duda respecto de que colores usar,<br \/>\no que corte de cabello puede quedarte mejor.<br \/>\nSi cada vez que ten\u00e9s un evento puntual ten\u00e9s muchas dudas<br \/>\nrespecto de que<br \/>\nponerte.<br \/>\nSi tu armario esta lleno de prendas que no usas<br \/>\nporque en el fondo no te hacen sentir c\u00f3moda.<\/p>\n<h6><strong>Inscribite en el taller de imagen personal con Yamila Pica.\u00a0<\/strong><\/h6>\n<p><em>Modalidad Presencial- 05 de JUNIO de 18 a 20:30 hs. En zona Teatro Col\u00f3n<\/em><\/p>\n","protected":false},"featured_media":4026,"template":"","meta":{"_uag_custom_page_level_css":"","site-sidebar-layout":"default","site-content-layout":"","ast-site-content-layout":"default","site-content-style":"default","site-sidebar-style":"default","ast-global-header-display":"","ast-banner-title-visibility":"","ast-main-header-display":"","ast-hfb-above-header-display":"","ast-hfb-below-header-display":"","ast-hfb-mobile-header-display":"","site-post-title":"","ast-breadcrumbs-content":"","ast-featured-img":"","footer-sml-layout":"","ast-disable-related-posts":"","theme-transparent-header-meta":"default","adv-header-id-meta":"","stick-header-meta":"","header-above-stick-meta":"","header-main-stick-meta":"","header-below-stick-meta":"","astra-migrate-meta-layouts":"set","ast-page-background-enabled":"default","ast-page-background-meta":{"desktop":{"background-color":"","background-image":"","background-repeat":"repeat","background-position":"center center","background-size":"auto","background-attachment":"scroll","background-type":"","background-media":"","overlay-type":"","overlay-color":"","overlay-opacity":"","overlay-gradient":""},"tablet":{"background-color":"","background-image":"","background-repeat":"repeat","background-position":"center center","background-size":"auto","background-attachment":"scroll","background-type":"","background-media":"","overlay-type":"","overlay-color":"","overlay-opacity":"","overlay-gradient":""},"mobile":{"background-color":"","background-image":"","background-repeat":"repeat","background-position":"center center","background-size":"auto","background-attachment":"scroll","background-type":"","background-media":"","overlay-type":"","overlay-color":"","overlay-opacity":"","overlay-gradient":""}},"ast-content-background-meta":{"desktop":{"background-color":"var(--ast-global-color-5)","background-image":"","background-repeat":"repeat","background-position":"center center","background-size":"auto","background-attachment":"scroll","background-type":"","background-media":"","overlay-type":"","overlay-color":"","overlay-opacity":"","overlay-gradient":""},"tablet":{"background-color":"var(--ast-global-color-5)","background-image":"","background-repeat":"repeat","background-position":"center center","background-size":"auto","background-attachment":"scroll","background-type":"","background-media":"","overlay-type":"","overlay-color":"","overlay-opacity":"","overlay-gradient":""},"mobile":{"background-color":"var(--ast-global-color-5)","background-image":"","background-repeat":"repeat","background-position":"center center","background-size":"auto","background-attachment":"scroll","background-type":"","background-media":"","overlay-type":"","overlay-color":"","overlay-opacity":"","overlay-gradient":""}}},"product_brand":[],"product_cat":[27],"product_tag":[],"class_list":{"0":"post-4422","1":"product","2":"type-product","3":"status-publish","4":"has-post-thumbnail","6":"product_cat-taller","7":"post","8":"desktop-align-left","9":"tablet-align-left","10":"mobile-align-left","12":"first","13":"instock","14":"sold-individually","15":"shipping-taxable","16":"purchasable","17":"product-type-simple"},"yoast_head":"<!-- This site is optimized with the Yoast SEO plugin v27.4 - https:\/\/yoast.com\/product\/yoast-seo-wordpress\/ -->\n<title>TALLER DE IMAGEN PERSONAL CON YAMILA PICA 05 de Junio 2026 - Asesora de Imagen- Yamila Pica<\/title>\n<meta name=\"robots\" content=\"index, follow, max-snippet:-1, max-image-preview:large, max-video-preview:-1\" \/>\n<link rel=\"canonical\" href=\"https:\/\/yamilapica.com\/index.php\/producto\/taller-imagen-personal-yamila-pica\/\" \/>\n<meta property=\"og:locale\" content=\"es_ES\" \/>\n<meta property=\"og:type\" content=\"article\" \/>\n<meta property=\"og:title\" content=\"TALLER DE IMAGEN PERSONAL CON YAMILA PICA 05 de Junio 2026 - Asesora de Imagen- Yamila Pica\" \/>\n<meta property=\"og:description\" content=\"Si sos de las que gasta mucho dinero en ropa que despu\u00e9s no usa, porque no la representa. Si siempre estas en duda respecto de que colores usar, o que corte de cabello puede quedarte mejor. Si cada vez que ten\u00e9s un evento puntual ten\u00e9s muchas dudas respecto de que ponerte. Si tu armario esta lleno de prendas que no usas porque en el fondo no te hacen sentir c\u00f3moda. Inscribite en el taller de imagen personal con Yamila Pica.\u00a0 Modalidad Presencial- 05 de JUNIO de 18 a 20:30 hs. En zona Teatro Col\u00f3n\" \/>\n<meta property=\"og:url\" content=\"https:\/\/yamilapica.com\/index.php\/producto\/taller-imagen-personal-yamila-pica\/\" \/>\n<meta property=\"og:site_name\" content=\"Asesora de Imagen- Yamila Pica\" \/>\n<meta property=\"article:modified_time\" content=\"2026-04-17T12:13:59+00:00\" \/>\n<meta property=\"og:image\" content=\"https:\/\/yamilapica.com\/wp-content\/uploads\/2025\/03\/yamila-jan-28-2025-kobe-web-700-2-2.jpg\" \/>\n\t<meta property=\"og:image:width\" content=\"1597\" \/>\n\t<meta property=\"og:image:height\" content=\"2396\" \/>\n\t<meta property=\"og:image:type\" content=\"image\/jpeg\" \/>\n<meta name=\"twitter:card\" content=\"summary_large_image\" \/>\n<meta name=\"twitter:label1\" content=\"Tiempo de lectura\" \/>\n\t<meta name=\"twitter:data1\" content=\"2 minutos\" \/>\n<script type=\"application\/ld+json\" class=\"yoast-schema-graph\">{\"@context\":\"https:\\\/\\\/schema.org\",\"@graph\":[{\"@type\":\"WebPage\",\"@id\":\"https:\\\/\\\/yamilapica.com\\\/index.php\\\/producto\\\/taller-imagen-personal-yamila-pica\\\/\",\"url\":\"https:\\\/\\\/yamilapica.com\\\/index.php\\\/producto\\\/taller-imagen-personal-yamila-pica\\\/\",\"name\":\"TALLER DE IMAGEN PERSONAL CON YAMILA PICA 05 de Junio 2026 - Asesora de Imagen- Yamila Pica\",\"isPartOf\":{\"@id\":\"https:\\\/\\\/yamilapica.com\\\/#website\"},\"primaryImageOfPage\":{\"@id\":\"https:\\\/\\\/yamilapica.com\\\/index.php\\\/producto\\\/taller-imagen-personal-yamila-pica\\\/#primaryimage\"},\"image\":{\"@id\":\"https:\\\/\\\/yamilapica.com\\\/index.php\\\/producto\\\/taller-imagen-personal-yamila-pica\\\/#primaryimage\"},\"thumbnailUrl\":\"https:\\\/\\\/yamilapica.com\\\/wp-content\\\/uploads\\\/2025\\\/03\\\/yamila-jan-28-2025-kobe-web-700-2-2.jpg\",\"datePublished\":\"2026-02-03T22:07:00+00:00\",\"dateModified\":\"2026-04-17T12:13:59+00:00\",\"breadcrumb\":{\"@id\":\"https:\\\/\\\/yamilapica.com\\\/index.php\\\/producto\\\/taller-imagen-personal-yamila-pica\\\/#breadcrumb\"},\"inLanguage\":\"es\",\"potentialAction\":[{\"@type\":\"ReadAction\",\"target\":[\"https:\\\/\\\/yamilapica.com\\\/index.php\\\/producto\\\/taller-imagen-personal-yamila-pica\\\/\"]}]},{\"@type\":\"ImageObject\",\"inLanguage\":\"es\",\"@id\":\"https:\\\/\\\/yamilapica.com\\\/index.php\\\/producto\\\/taller-imagen-personal-yamila-pica\\\/#primaryimage\",\"url\":\"https:\\\/\\\/yamilapica.com\\\/wp-content\\\/uploads\\\/2025\\\/03\\\/yamila-jan-28-2025-kobe-web-700-2-2.jpg\",\"contentUrl\":\"https:\\\/\\\/yamilapica.com\\\/wp-content\\\/uploads\\\/2025\\\/03\\\/yamila-jan-28-2025-kobe-web-700-2-2.jpg\",\"width\":1597,\"height\":2396,\"caption\":\"taller de imagen personal con Yamila Pica\"},{\"@type\":\"BreadcrumbList\",\"@id\":\"https:\\\/\\\/yamilapica.com\\\/index.php\\\/producto\\\/taller-imagen-personal-yamila-pica\\\/#breadcrumb\",\"itemListElement\":[{\"@type\":\"ListItem\",\"position\":1,\"name\":\"Portada\",\"item\":\"https:\\\/\\\/yamilapica.com\\\/\"},{\"@type\":\"ListItem\",\"position\":2,\"name\":\"Tienda\",\"item\":\"https:\\\/\\\/yamilapica.com\\\/index.php\\\/tienda\\\/\"},{\"@type\":\"ListItem\",\"position\":3,\"name\":\"TALLER DE IMAGEN PERSONAL CON YAMILA PICA 05 de Junio 2026\"}]},{\"@type\":\"WebSite\",\"@id\":\"https:\\\/\\\/yamilapica.com\\\/#website\",\"url\":\"https:\\\/\\\/yamilapica.com\\\/\",\"name\":\"Yamila Pica - Bienvenida a tu Belleza Honesta!\",\"description\":\"ASESORA DE IMAGEN\",\"publisher\":{\"@id\":\"https:\\\/\\\/yamilapica.com\\\/#\\\/schema\\\/person\\\/0b49a5249c773db8925680f7cb8be734\"},\"potentialAction\":[{\"@type\":\"SearchAction\",\"target\":{\"@type\":\"EntryPoint\",\"urlTemplate\":\"https:\\\/\\\/yamilapica.com\\\/?s={search_term_string}\"},\"query-input\":{\"@type\":\"PropertyValueSpecification\",\"valueRequired\":true,\"valueName\":\"search_term_string\"}}],\"inLanguage\":\"es\"},{\"@type\":[\"Person\",\"Organization\"],\"@id\":\"https:\\\/\\\/yamilapica.com\\\/#\\\/schema\\\/person\\\/0b49a5249c773db8925680f7cb8be734\",\"name\":\"Yamila Pica\",\"image\":{\"@type\":\"ImageObject\",\"inLanguage\":\"es\",\"@id\":\"https:\\\/\\\/yamilapica.com\\\/wp-content\\\/uploads\\\/2022\\\/04\\\/Webp.net-resizeimage-13.jpg\",\"url\":\"https:\\\/\\\/yamilapica.com\\\/wp-content\\\/uploads\\\/2022\\\/04\\\/Webp.net-resizeimage-13.jpg\",\"contentUrl\":\"https:\\\/\\\/yamilapica.com\\\/wp-content\\\/uploads\\\/2022\\\/04\\\/Webp.net-resizeimage-13.jpg\",\"width\":250,\"height\":78,\"caption\":\"Yamila Pica\"},\"logo\":{\"@id\":\"https:\\\/\\\/yamilapica.com\\\/wp-content\\\/uploads\\\/2022\\\/04\\\/Webp.net-resizeimage-13.jpg\"},\"sameAs\":[\"http:\\\/\\\/www.yamilapica.com\"]}]}<\/script>\n<!-- \/ Yoast SEO plugin. -->","yoast_head_json":{"title":"TALLER DE IMAGEN PERSONAL CON YAMILA PICA 05 de Junio 2026 - Asesora de Imagen- Yamila Pica","robots":{"index":"index","follow":"follow","max-snippet":"max-snippet:-1","max-image-preview":"max-image-preview:large","max-video-preview":"max-video-preview:-1"},"canonical":"https:\/\/yamilapica.com\/index.php\/producto\/taller-imagen-personal-yamila-pica\/","og_locale":"es_ES","og_type":"article","og_title":"TALLER DE IMAGEN PERSONAL CON YAMILA PICA 05 de Junio 2026 - Asesora de Imagen- Yamila Pica","og_description":"Si sos de las que gasta mucho dinero en ropa que despu\u00e9s no usa, porque no la representa. Si siempre estas en duda respecto de que colores usar, o que corte de cabello puede quedarte mejor. Si cada vez que ten\u00e9s un evento puntual ten\u00e9s muchas dudas respecto de que ponerte. Si tu armario esta lleno de prendas que no usas porque en el fondo no te hacen sentir c\u00f3moda. Inscribite en el taller de imagen personal con Yamila Pica.\u00a0 Modalidad Presencial- 05 de JUNIO de 18 a 20:30 hs. En zona Teatro Col\u00f3n","og_url":"https:\/\/yamilapica.com\/index.php\/producto\/taller-imagen-personal-yamila-pica\/","og_site_name":"Asesora de Imagen- Yamila Pica","article_modified_time":"2026-04-17T12:13:59+00:00","og_image":[{"width":1597,"height":2396,"url":"https:\/\/yamilapica.com\/wp-content\/uploads\/2025\/03\/yamila-jan-28-2025-kobe-web-700-2-2.jpg","type":"image\/jpeg"}],"twitter_card":"summary_large_image","twitter_misc":{"Tiempo de lectura":"2 minutos"},"schema":{"@context":"https:\/\/schema.org","@graph":[{"@type":"WebPage","@id":"https:\/\/yamilapica.com\/index.php\/producto\/taller-imagen-personal-yamila-pica\/","url":"https:\/\/yamilapica.com\/index.php\/producto\/taller-imagen-personal-yamila-pica\/","name":"TALLER DE IMAGEN PERSONAL CON YAMILA PICA 05 de Junio 2026 - Asesora de Imagen- Yamila Pica","isPartOf":{"@id":"https:\/\/yamilapica.com\/#website"},"primaryImageOfPage":{"@id":"https:\/\/yamilapica.com\/index.php\/producto\/taller-imagen-personal-yamila-pica\/#primaryimage"},"image":{"@id":"https:\/\/yamilapica.com\/index.php\/producto\/taller-imagen-personal-yamila-pica\/#primaryimage"},"thumbnailUrl":"https:\/\/yamilapica.com\/wp-content\/uploads\/2025\/03\/yamila-jan-28-2025-kobe-web-700-2-2.jpg","datePublished":"2026-02-03T22:07:00+00:00","dateModified":"2026-04-17T12:13:59+00:00","breadcrumb":{"@id":"https:\/\/yamilapica.com\/index.php\/producto\/taller-imagen-personal-yamila-pica\/#breadcrumb"},"inLanguage":"es","potentialAction":[{"@type":"ReadAction","target":["https:\/\/yamilapica.com\/index.php\/producto\/taller-imagen-personal-yamila-pica\/"]}]},{"@type":"ImageObject","inLanguage":"es","@id":"https:\/\/yamilapica.com\/index.php\/producto\/taller-imagen-personal-yamila-pica\/#primaryimage","url":"https:\/\/yamilapica.com\/wp-content\/uploads\/2025\/03\/yamila-jan-28-2025-kobe-web-700-2-2.jpg","contentUrl":"https:\/\/yamilapica.com\/wp-content\/uploads\/2025\/03\/yamila-jan-28-2025-kobe-web-700-2-2.jpg","width":1597,"height":2396,"caption":"taller de imagen personal con Yamila Pica"},{"@type":"BreadcrumbList","@id":"https:\/\/yamilapica.com\/index.php\/producto\/taller-imagen-personal-yamila-pica\/#breadcrumb","itemListElement":[{"@type":"ListItem","position":1,"name":"Portada","item":"https:\/\/yamilapica.com\/"},{"@type":"ListItem","position":2,"name":"Tienda","item":"https:\/\/yamilapica.com\/index.php\/tienda\/"},{"@type":"ListItem","position":3,"name":"TALLER DE IMAGEN PERSONAL CON YAMILA PICA 05 de Junio 2026"}]},{"@type":"WebSite","@id":"https:\/\/yamilapica.com\/#website","url":"https:\/\/yamilapica.com\/","name":"Yamila Pica - Bienvenida a tu Belleza Honesta!","description":"ASESORA DE IMAGEN","publisher":{"@id":"https:\/\/yamilapica.com\/#\/schema\/person\/0b49a5249c773db8925680f7cb8be734"},"potentialAction":[{"@type":"SearchAction","target":{"@type":"EntryPoint","urlTemplate":"https:\/\/yamilapica.com\/?s={search_term_string}"},"query-input":{"@type":"PropertyValueSpecification","valueRequired":true,"valueName":"search_term_string"}}],"inLanguage":"es"},{"@type":["Person","Organization"],"@id":"https:\/\/yamilapica.com\/#\/schema\/person\/0b49a5249c773db8925680f7cb8be734","name":"Yamila Pica","image":{"@type":"ImageObject","inLanguage":"es","@id":"https:\/\/yamilapica.com\/wp-content\/uploads\/2022\/04\/Webp.net-resizeimage-13.jpg","url":"https:\/\/yamilapica.com\/wp-content\/uploads\/2022\/04\/Webp.net-resizeimage-13.jpg","contentUrl":"https:\/\/yamilapica.com\/wp-content\/uploads\/2022\/04\/Webp.net-resizeimage-13.jpg","width":250,"height":78,"caption":"Yamila Pica"},"logo":{"@id":"https:\/\/yamilapica.com\/wp-content\/uploads\/2022\/04\/Webp.net-resizeimage-13.jpg"},"sameAs":["http:\/\/www.yamilapica.com"]}]}},"uagb_featured_image_src":{"full":["https:\/\/yamilapica.com\/wp-content\/uploads\/2025\/03\/yamila-jan-28-2025-kobe-web-700-2-2.jpg",1597,2396,false],"thumbnail":["https:\/\/yamilapica.com\/wp-content\/uploads\/2025\/03\/yamila-jan-28-2025-kobe-web-700-2-2-150x150.jpg",150,150,true],"medium":["https:\/\/yamilapica.com\/wp-content\/uploads\/2025\/03\/yamila-jan-28-2025-kobe-web-700-2-2-200x300.jpg",200,300,true],"medium_large":["https:\/\/yamilapica.com\/wp-content\/uploads\/2025\/03\/yamila-jan-28-2025-kobe-web-700-2-2-768x1152.jpg",768,1152,true],"large":["https:\/\/yamilapica.com\/wp-content\/uploads\/2025\/03\/yamila-jan-28-2025-kobe-web-700-2-2-683x1024.jpg",683,1024,true],"1536x1536":["https:\/\/yamilapica.com\/wp-content\/uploads\/2025\/03\/yamila-jan-28-2025-kobe-web-700-2-2-1024x1536.jpg",1024,1536,true],"2048x2048":["https:\/\/yamilapica.com\/wp-content\/uploads\/2025\/03\/yamila-jan-28-2025-kobe-web-700-2-2-1365x2048.jpg",1365,2048,true],"course_archive_thumbnail":["https:\/\/yamilapica.com\/wp-content\/uploads\/2025\/03\/yamila-jan-28-2025-kobe-web-700-2-2-67x100.jpg",67,100,true],"course_single_thumbnail":["https:\/\/yamilapica.com\/wp-content\/uploads\/2025\/03\/yamila-jan-28-2025-kobe-web-700-2-2-67x100.jpg",67,100,true],"lesson_archive_thumbnail":["https:\/\/yamilapica.com\/wp-content\/uploads\/2025\/03\/yamila-jan-28-2025-kobe-web-700-2-2-100x150.jpg",100,150,true],"lesson_single_thumbnail":["https:\/\/yamilapica.com\/wp-content\/uploads\/2025\/03\/yamila-jan-28-2025-kobe-web-700-2-2-100x150.jpg",100,150,true],"woocommerce_thumbnail":["https:\/\/yamilapica.com\/wp-content\/uploads\/2025\/03\/yamila-jan-28-2025-kobe-web-700-2-2-300x300.jpg",300,300,true],"woocommerce_single":["https:\/\/yamilapica.com\/wp-content\/uploads\/2025\/03\/yamila-jan-28-2025-kobe-web-700-2-2-600x900.jpg",600,900,true],"woocommerce_gallery_thumbnail":["https:\/\/yamilapica.com\/wp-content\/uploads\/2025\/03\/yamila-jan-28-2025-kobe-web-700-2-2-100x100.jpg",100,100,true]},"uagb_author_info":{"display_name":"Yamila Pica","author_link":"https:\/\/yamilapica.com\/index.php\/author\/"},"uagb_comment_info":0,"uagb_excerpt":"Si sos de las que gasta mucho dinero en ropa que despu\u00e9s no usa, porque no la representa. Si siempre estas en duda respecto de que colores usar, o que corte de cabello puede quedarte mejor. Si cada vez que ten\u00e9s un evento puntual ten\u00e9s muchas dudas respecto de que ponerte. Si tu armario esta&hellip;","_links":{"self":[{"href":"https:\/\/yamilapica.com\/index.php\/wp-json\/wp\/v2\/product\/4422","targetHints":{"allow":["GET"]}}],"collection":[{"href":"https:\/\/yamilapica.com\/index.php\/wp-json\/wp\/v2\/product"}],"about":[{"href":"https:\/\/yamilapica.com\/index.php\/wp-json\/wp\/v2\/types\/product"}],"version-history":[{"count":12,"href":"https:\/\/yamilapica.com\/index.php\/wp-json\/wp\/v2\/product\/4422\/revisions"}],"predecessor-version":[{"id":4506,"href":"https:\/\/yamilapica.com\/index.php\/wp-json\/wp\/v2\/product\/4422\/revisions\/4506"}],"wp:featuredmedia":[{"embeddable":true,"href":"https:\/\/yamilapica.com\/index.php\/wp-json\/wp\/v2\/media\/4026"}],"wp:attachment":[{"href":"https:\/\/yamilapica.com\/index.php\/wp-json\/wp\/v2\/media?parent=4422"}],"wp:term":[{"taxonomy":"product_brand","embeddable":true,"href":"https:\/\/yamilapica.com\/index.php\/wp-json\/wp\/v2\/product_brand?post=4422"},{"taxonomy":"product_cat","embeddable":true,"href":"https:\/\/yamilapica.com\/index.php\/wp-json\/wp\/v2\/product_cat?post=4422"},{"taxonomy":"product_tag","embeddable":true,"href":"https:\/\/yamilapica.com\/index.php\/wp-json\/wp\/v2\/product_tag?post=4422"}],"curies":[{"name":"wp","href":"https:\/\/api.w.org\/{rel}","templated":true}]}}