{"id":3820,"date":"2024-12-29T10:51:09","date_gmt":"2024-12-29T13:51:09","guid":{"rendered":"https:\/\/yamilapica.com\/?post_type=product&#038;p=3820"},"modified":"2026-01-17T18:17:30","modified_gmt":"2026-01-17T21:17:30","slug":"tipologia-de-cuerpo-visagismo","status":"publish","type":"product","link":"https:\/\/yamilapica.com\/index.php\/producto\/tipologia-de-cuerpo-visagismo\/","title":{"rendered":"Tipolog\u00eda de Cuerpo y Visagismo"},"content":{"rendered":"<p><strong>Temario del M\u00f3dulo 2: Tipolog\u00eda de Cuerpo y Visagismo<\/strong><\/p>\n<p>&#8211; Test personalizado para Diagn\u00f3stico de silueta corporal &#8211; <strong>OFFLINE<\/strong><br \/>\n&#8211; Ficha de prendas para tu tipo de cuerpos- <strong>Material te\u00f3rico descargable<\/strong><br \/>\n&#8211; \u00bf C\u00f3mo vestir tu tipo de cuerpo?<br \/>\n&#8211; Prendas ideales: Tren superior<br \/>\n&#8211; Prendas ideales: tren inferior<br \/>\n&#8211; Test personalizado de visagismo . <strong>OFFLINE<\/strong><br \/>\n&#8211; Definiciones sobre Cortes de cabello y accesorios ideales seg\u00fan el tipo de rostro<br \/>\n&#8211; Ficha de Accesorios y cortes de cabello &#8211; <strong>Material te\u00f3rico Descargable<\/strong><\/p>\n<p>Este taller es introductorio y est\u00e1 dise\u00f1ado para todas aquellas mujeres que buscan mejorar su identidad corporal desde el conocimiento de su tipolog\u00eda corporal y visagismo de rostro.<\/p>\n<p>Te ayudar\u00e1 a entender que prendas, cortes y texturas utilizar para encontrarte contigo misma en el espejo, y mejorar tu autoestima.<\/p>\n<p>El test de siluetas corporales y visagismo OFFLINE te permitir\u00e1 conocer cual es tu silueta corporal para entender que prendas llevar, y cual es tu tipo de rostro para comprender los cortes de cabellos m\u00e1s adecuados para vos.<\/p>\n<p>Aprender\u00e1s a reconocerte en el espejo, sintiendo con cada look que armes que por fin est\u00e1s c\u00f3moda con vos misma.<\/p>\n<p><strong>\u00a1No es Magia, es conocimiento!<\/strong><\/p>\n<p>&nbsp;<\/p>\n<p><strong>INFORMACI\u00d3N IMPORTANTE\u00a0<\/strong><br \/>\nLas fichas, videos y dem\u00e1s material que forma parte del taller est\u00e1n protegidos por los derechos del COPYRIGHT<br \/>\nAcceso al programa durante 30 d\u00edas- No incluye sesiones 1 a 1 ni consultas personalizadas.<\/p>\n","protected":false},"excerpt":{"rendered":"<p><strong>M\u00f3dulo 2 del Programa Belleza Honesta<\/strong><\/p>\n<p>Tener en claro nuestra identidad visual tiene que ver con el autoconomiento de nuestra silueta corporal y la morfolog\u00eda de rostro. Descubriendo nuestro tipo de cuerpo podremos hacer<br \/>\nelecciones exitosas de las prendas que mejor nos representan y proyectan, al igual que los accesorios para el rostro y cortes de cabello.<\/p>\n<p>Con este taller aprender\u00e1s todo lo necesario para manejar tu silueta corporal y tipo de rostro, y tendr\u00e1s una ficha descargable que te ayudar\u00e1 a entender los tipos de cortes de prendas favorecedores para tu tipolog\u00eda corporal. Entender que prendas usar, y como llevarlas es fundamental para consolidar las bases de nuestra autoestima.<\/p>\n","protected":false},"featured_media":2353,"template":"","meta":{"_uag_custom_page_level_css":"","site-sidebar-layout":"default","site-content-layout":"","ast-site-content-layout":"default","site-content-style":"default","site-sidebar-style":"default","ast-global-header-display":"","ast-banner-title-visibility":"","ast-main-header-display":"","ast-hfb-above-header-display":"","ast-hfb-below-header-display":"","ast-hfb-mobile-header-display":"","site-post-title":"","ast-breadcrumbs-content":"","ast-featured-img":"","footer-sml-layout":"","ast-disable-related-posts":"","theme-transparent-header-meta":"default","adv-header-id-meta":"","stick-header-meta":"","header-above-stick-meta":"","header-main-stick-meta":"","header-below-stick-meta":"","astra-migrate-meta-layouts":"set","ast-page-background-enabled":"default","ast-page-background-meta":{"desktop":{"background-color":"","background-image":"","background-repeat":"repeat","background-position":"center center","background-size":"auto","background-attachment":"scroll","background-type":"","background-media":"","overlay-type":"","overlay-color":"","overlay-opacity":"","overlay-gradient":""},"tablet":{"background-color":"","background-image":"","background-repeat":"repeat","background-position":"center center","background-size":"auto","background-attachment":"scroll","background-type":"","background-media":"","overlay-type":"","overlay-color":"","overlay-opacity":"","overlay-gradient":""},"mobile":{"background-color":"","background-image":"","background-repeat":"repeat","background-position":"center center","background-size":"auto","background-attachment":"scroll","background-type":"","background-media":"","overlay-type":"","overlay-color":"","overlay-opacity":"","overlay-gradient":""}},"ast-content-background-meta":{"desktop":{"background-color":"var(--ast-global-color-5)","background-image":"","background-repeat":"repeat","background-position":"center center","background-size":"auto","background-attachment":"scroll","background-type":"","background-media":"","overlay-type":"","overlay-color":"","overlay-opacity":"","overlay-gradient":""},"tablet":{"background-color":"var(--ast-global-color-5)","background-image":"","background-repeat":"repeat","background-position":"center center","background-size":"auto","background-attachment":"scroll","background-type":"","background-media":"","overlay-type":"","overlay-color":"","overlay-opacity":"","overlay-gradient":""},"mobile":{"background-color":"var(--ast-global-color-5)","background-image":"","background-repeat":"repeat","background-position":"center center","background-size":"auto","background-attachment":"scroll","background-type":"","background-media":"","overlay-type":"","overlay-color":"","overlay-opacity":"","overlay-gradient":""}}},"product_brand":[],"product_cat":[154],"product_tag":[270,241,22],"class_list":{"0":"post-3820","1":"product","2":"type-product","3":"status-publish","4":"has-post-thumbnail","6":"product_cat-talleres-on-demand","7":"product_tag-modulo","8":"product_tag-programa-belleza-honesta","9":"product_tag-taller","10":"post","11":"desktop-align-left","12":"tablet-align-left","13":"mobile-align-left","15":"first","16":"instock","17":"virtual","18":"purchasable","19":"product-type-simple"},"yoast_head":"<!-- This site is optimized with the Yoast SEO plugin v27.4 - https:\/\/yoast.com\/product\/yoast-seo-wordpress\/ -->\n<title>Tipolog\u00eda de Cuerpo y Visagismo - Asesora de Imagen- Yamila Pica<\/title>\n<meta name=\"robots\" content=\"index, follow, max-snippet:-1, max-image-preview:large, max-video-preview:-1\" \/>\n<link rel=\"canonical\" href=\"https:\/\/yamilapica.com\/index.php\/producto\/tipologia-de-cuerpo-visagismo\/\" \/>\n<meta property=\"og:locale\" content=\"es_ES\" \/>\n<meta property=\"og:type\" content=\"article\" \/>\n<meta property=\"og:title\" content=\"Tipolog\u00eda de Cuerpo y Visagismo - Asesora de Imagen- Yamila Pica\" \/>\n<meta property=\"og:description\" content=\"M\u00f3dulo 2 del Programa Belleza Honesta  Tener en claro nuestra identidad visual tiene que ver con el autoconomiento de nuestra silueta corporal y la morfolog\u00eda de rostro. Descubriendo nuestro tipo de cuerpo podremos hacer elecciones exitosas de las prendas que mejor nos representan y proyectan, al igual que los accesorios para el rostro y cortes de cabello.  Con este taller aprender\u00e1s todo lo necesario para manejar tu silueta corporal y tipo de rostro, y tendr\u00e1s una ficha descargable que te ayudar\u00e1 a entender los tipos de cortes de prendas favorecedores para tu tipolog\u00eda corporal. Entender que prendas usar, y como llevarlas es fundamental para consolidar las bases de nuestra autoestima.\" \/>\n<meta property=\"og:url\" content=\"https:\/\/yamilapica.com\/index.php\/producto\/tipologia-de-cuerpo-visagismo\/\" \/>\n<meta property=\"og:site_name\" content=\"Asesora de Imagen- Yamila Pica\" \/>\n<meta property=\"article:modified_time\" content=\"2026-01-17T21:17:30+00:00\" \/>\n<meta property=\"og:image\" content=\"https:\/\/yamilapica.com\/wp-content\/uploads\/2022\/05\/LMF_7771-scaled-e1717268798763.jpg\" \/>\n\t<meta property=\"og:image:width\" content=\"1365\" \/>\n\t<meta property=\"og:image:height\" content=\"911\" \/>\n\t<meta property=\"og:image:type\" content=\"image\/jpeg\" \/>\n<meta name=\"twitter:card\" content=\"summary_large_image\" \/>\n<meta name=\"twitter:label1\" content=\"Tiempo de lectura\" \/>\n\t<meta name=\"twitter:data1\" content=\"2 minutos\" \/>\n<script type=\"application\/ld+json\" class=\"yoast-schema-graph\">{\"@context\":\"https:\\\/\\\/schema.org\",\"@graph\":[{\"@type\":\"WebPage\",\"@id\":\"https:\\\/\\\/yamilapica.com\\\/index.php\\\/producto\\\/tipologia-de-cuerpo-visagismo\\\/\",\"url\":\"https:\\\/\\\/yamilapica.com\\\/index.php\\\/producto\\\/tipologia-de-cuerpo-visagismo\\\/\",\"name\":\"Tipolog\u00eda de Cuerpo y Visagismo - Asesora de Imagen- Yamila Pica\",\"isPartOf\":{\"@id\":\"https:\\\/\\\/yamilapica.com\\\/#website\"},\"primaryImageOfPage\":{\"@id\":\"https:\\\/\\\/yamilapica.com\\\/index.php\\\/producto\\\/tipologia-de-cuerpo-visagismo\\\/#primaryimage\"},\"image\":{\"@id\":\"https:\\\/\\\/yamilapica.com\\\/index.php\\\/producto\\\/tipologia-de-cuerpo-visagismo\\\/#primaryimage\"},\"thumbnailUrl\":\"https:\\\/\\\/yamilapica.com\\\/wp-content\\\/uploads\\\/2022\\\/05\\\/LMF_7771-scaled-e1717268798763.jpg\",\"datePublished\":\"2024-12-29T13:51:09+00:00\",\"dateModified\":\"2026-01-17T21:17:30+00:00\",\"breadcrumb\":{\"@id\":\"https:\\\/\\\/yamilapica.com\\\/index.php\\\/producto\\\/tipologia-de-cuerpo-visagismo\\\/#breadcrumb\"},\"inLanguage\":\"es\",\"potentialAction\":[{\"@type\":\"ReadAction\",\"target\":[\"https:\\\/\\\/yamilapica.com\\\/index.php\\\/producto\\\/tipologia-de-cuerpo-visagismo\\\/\"]}]},{\"@type\":\"ImageObject\",\"inLanguage\":\"es\",\"@id\":\"https:\\\/\\\/yamilapica.com\\\/index.php\\\/producto\\\/tipologia-de-cuerpo-visagismo\\\/#primaryimage\",\"url\":\"https:\\\/\\\/yamilapica.com\\\/wp-content\\\/uploads\\\/2022\\\/05\\\/LMF_7771-scaled-e1717268798763.jpg\",\"contentUrl\":\"https:\\\/\\\/yamilapica.com\\\/wp-content\\\/uploads\\\/2022\\\/05\\\/LMF_7771-scaled-e1717268798763.jpg\",\"width\":1365,\"height\":911,\"caption\":\"Yamila pica Asesora de imagen\"},{\"@type\":\"BreadcrumbList\",\"@id\":\"https:\\\/\\\/yamilapica.com\\\/index.php\\\/producto\\\/tipologia-de-cuerpo-visagismo\\\/#breadcrumb\",\"itemListElement\":[{\"@type\":\"ListItem\",\"position\":1,\"name\":\"Portada\",\"item\":\"https:\\\/\\\/yamilapica.com\\\/\"},{\"@type\":\"ListItem\",\"position\":2,\"name\":\"Tienda\",\"item\":\"https:\\\/\\\/yamilapica.com\\\/index.php\\\/tienda\\\/\"},{\"@type\":\"ListItem\",\"position\":3,\"name\":\"Tipolog\u00eda de Cuerpo y Visagismo\"}]},{\"@type\":\"WebSite\",\"@id\":\"https:\\\/\\\/yamilapica.com\\\/#website\",\"url\":\"https:\\\/\\\/yamilapica.com\\\/\",\"name\":\"Yamila Pica - Bienvenida a tu Belleza Honesta!\",\"description\":\"ASESORA DE IMAGEN\",\"publisher\":{\"@id\":\"https:\\\/\\\/yamilapica.com\\\/#\\\/schema\\\/person\\\/0b49a5249c773db8925680f7cb8be734\"},\"potentialAction\":[{\"@type\":\"SearchAction\",\"target\":{\"@type\":\"EntryPoint\",\"urlTemplate\":\"https:\\\/\\\/yamilapica.com\\\/?s={search_term_string}\"},\"query-input\":{\"@type\":\"PropertyValueSpecification\",\"valueRequired\":true,\"valueName\":\"search_term_string\"}}],\"inLanguage\":\"es\"},{\"@type\":[\"Person\",\"Organization\"],\"@id\":\"https:\\\/\\\/yamilapica.com\\\/#\\\/schema\\\/person\\\/0b49a5249c773db8925680f7cb8be734\",\"name\":\"Yamila Pica\",\"image\":{\"@type\":\"ImageObject\",\"inLanguage\":\"es\",\"@id\":\"https:\\\/\\\/yamilapica.com\\\/wp-content\\\/uploads\\\/2022\\\/04\\\/Webp.net-resizeimage-13.jpg\",\"url\":\"https:\\\/\\\/yamilapica.com\\\/wp-content\\\/uploads\\\/2022\\\/04\\\/Webp.net-resizeimage-13.jpg\",\"contentUrl\":\"https:\\\/\\\/yamilapica.com\\\/wp-content\\\/uploads\\\/2022\\\/04\\\/Webp.net-resizeimage-13.jpg\",\"width\":250,\"height\":78,\"caption\":\"Yamila Pica\"},\"logo\":{\"@id\":\"https:\\\/\\\/yamilapica.com\\\/wp-content\\\/uploads\\\/2022\\\/04\\\/Webp.net-resizeimage-13.jpg\"},\"sameAs\":[\"http:\\\/\\\/www.yamilapica.com\"]}]}<\/script>\n<!-- \/ Yoast SEO plugin. -->","yoast_head_json":{"title":"Tipolog\u00eda de Cuerpo y Visagismo - Asesora de Imagen- Yamila Pica","robots":{"index":"index","follow":"follow","max-snippet":"max-snippet:-1","max-image-preview":"max-image-preview:large","max-video-preview":"max-video-preview:-1"},"canonical":"https:\/\/yamilapica.com\/index.php\/producto\/tipologia-de-cuerpo-visagismo\/","og_locale":"es_ES","og_type":"article","og_title":"Tipolog\u00eda de Cuerpo y Visagismo - Asesora de Imagen- Yamila Pica","og_description":"M\u00f3dulo 2 del Programa Belleza Honesta  Tener en claro nuestra identidad visual tiene que ver con el autoconomiento de nuestra silueta corporal y la morfolog\u00eda de rostro. Descubriendo nuestro tipo de cuerpo podremos hacer elecciones exitosas de las prendas que mejor nos representan y proyectan, al igual que los accesorios para el rostro y cortes de cabello.  Con este taller aprender\u00e1s todo lo necesario para manejar tu silueta corporal y tipo de rostro, y tendr\u00e1s una ficha descargable que te ayudar\u00e1 a entender los tipos de cortes de prendas favorecedores para tu tipolog\u00eda corporal. Entender que prendas usar, y como llevarlas es fundamental para consolidar las bases de nuestra autoestima.","og_url":"https:\/\/yamilapica.com\/index.php\/producto\/tipologia-de-cuerpo-visagismo\/","og_site_name":"Asesora de Imagen- Yamila Pica","article_modified_time":"2026-01-17T21:17:30+00:00","og_image":[{"width":1365,"height":911,"url":"https:\/\/yamilapica.com\/wp-content\/uploads\/2022\/05\/LMF_7771-scaled-e1717268798763.jpg","type":"image\/jpeg"}],"twitter_card":"summary_large_image","twitter_misc":{"Tiempo de lectura":"2 minutos"},"schema":{"@context":"https:\/\/schema.org","@graph":[{"@type":"WebPage","@id":"https:\/\/yamilapica.com\/index.php\/producto\/tipologia-de-cuerpo-visagismo\/","url":"https:\/\/yamilapica.com\/index.php\/producto\/tipologia-de-cuerpo-visagismo\/","name":"Tipolog\u00eda de Cuerpo y Visagismo - Asesora de Imagen- Yamila Pica","isPartOf":{"@id":"https:\/\/yamilapica.com\/#website"},"primaryImageOfPage":{"@id":"https:\/\/yamilapica.com\/index.php\/producto\/tipologia-de-cuerpo-visagismo\/#primaryimage"},"image":{"@id":"https:\/\/yamilapica.com\/index.php\/producto\/tipologia-de-cuerpo-visagismo\/#primaryimage"},"thumbnailUrl":"https:\/\/yamilapica.com\/wp-content\/uploads\/2022\/05\/LMF_7771-scaled-e1717268798763.jpg","datePublished":"2024-12-29T13:51:09+00:00","dateModified":"2026-01-17T21:17:30+00:00","breadcrumb":{"@id":"https:\/\/yamilapica.com\/index.php\/producto\/tipologia-de-cuerpo-visagismo\/#breadcrumb"},"inLanguage":"es","potentialAction":[{"@type":"ReadAction","target":["https:\/\/yamilapica.com\/index.php\/producto\/tipologia-de-cuerpo-visagismo\/"]}]},{"@type":"ImageObject","inLanguage":"es","@id":"https:\/\/yamilapica.com\/index.php\/producto\/tipologia-de-cuerpo-visagismo\/#primaryimage","url":"https:\/\/yamilapica.com\/wp-content\/uploads\/2022\/05\/LMF_7771-scaled-e1717268798763.jpg","contentUrl":"https:\/\/yamilapica.com\/wp-content\/uploads\/2022\/05\/LMF_7771-scaled-e1717268798763.jpg","width":1365,"height":911,"caption":"Yamila pica Asesora de imagen"},{"@type":"BreadcrumbList","@id":"https:\/\/yamilapica.com\/index.php\/producto\/tipologia-de-cuerpo-visagismo\/#breadcrumb","itemListElement":[{"@type":"ListItem","position":1,"name":"Portada","item":"https:\/\/yamilapica.com\/"},{"@type":"ListItem","position":2,"name":"Tienda","item":"https:\/\/yamilapica.com\/index.php\/tienda\/"},{"@type":"ListItem","position":3,"name":"Tipolog\u00eda de Cuerpo y Visagismo"}]},{"@type":"WebSite","@id":"https:\/\/yamilapica.com\/#website","url":"https:\/\/yamilapica.com\/","name":"Yamila Pica - Bienvenida a tu Belleza Honesta!","description":"ASESORA DE IMAGEN","publisher":{"@id":"https:\/\/yamilapica.com\/#\/schema\/person\/0b49a5249c773db8925680f7cb8be734"},"potentialAction":[{"@type":"SearchAction","target":{"@type":"EntryPoint","urlTemplate":"https:\/\/yamilapica.com\/?s={search_term_string}"},"query-input":{"@type":"PropertyValueSpecification","valueRequired":true,"valueName":"search_term_string"}}],"inLanguage":"es"},{"@type":["Person","Organization"],"@id":"https:\/\/yamilapica.com\/#\/schema\/person\/0b49a5249c773db8925680f7cb8be734","name":"Yamila Pica","image":{"@type":"ImageObject","inLanguage":"es","@id":"https:\/\/yamilapica.com\/wp-content\/uploads\/2022\/04\/Webp.net-resizeimage-13.jpg","url":"https:\/\/yamilapica.com\/wp-content\/uploads\/2022\/04\/Webp.net-resizeimage-13.jpg","contentUrl":"https:\/\/yamilapica.com\/wp-content\/uploads\/2022\/04\/Webp.net-resizeimage-13.jpg","width":250,"height":78,"caption":"Yamila Pica"},"logo":{"@id":"https:\/\/yamilapica.com\/wp-content\/uploads\/2022\/04\/Webp.net-resizeimage-13.jpg"},"sameAs":["http:\/\/www.yamilapica.com"]}]}},"uagb_featured_image_src":{"full":["https:\/\/yamilapica.com\/wp-content\/uploads\/2022\/05\/LMF_7771-scaled-e1717268798763.jpg",1365,911,false],"thumbnail":["https:\/\/yamilapica.com\/wp-content\/uploads\/2022\/05\/LMF_7771-scaled-e1717268798763-150x150.jpg",150,150,true],"medium":["https:\/\/yamilapica.com\/wp-content\/uploads\/2022\/05\/LMF_7771-scaled-e1717268798763-300x200.jpg",300,200,true],"medium_large":["https:\/\/yamilapica.com\/wp-content\/uploads\/2022\/05\/LMF_7771-scaled-e1717268798763-768x513.jpg",768,513,true],"large":["https:\/\/yamilapica.com\/wp-content\/uploads\/2022\/05\/LMF_7771-scaled-e1717268798763-1024x683.jpg",1024,683,true],"1536x1536":["https:\/\/yamilapica.com\/wp-content\/uploads\/2022\/05\/LMF_7771-1025x1536.jpg",1025,1536,true],"2048x2048":["https:\/\/yamilapica.com\/wp-content\/uploads\/2022\/05\/LMF_7771-1367x2048.jpg",1367,2048,true],"course_archive_thumbnail":["https:\/\/yamilapica.com\/wp-content\/uploads\/2022\/05\/LMF_7771-scaled-e1717268798763-150x100.jpg",150,100,true],"course_single_thumbnail":["https:\/\/yamilapica.com\/wp-content\/uploads\/2022\/05\/LMF_7771-scaled-e1717268798763-150x100.jpg",150,100,true],"lesson_archive_thumbnail":["https:\/\/yamilapica.com\/wp-content\/uploads\/2022\/05\/LMF_7771-scaled-e1717268798763-225x150.jpg",225,150,true],"lesson_single_thumbnail":["https:\/\/yamilapica.com\/wp-content\/uploads\/2022\/05\/LMF_7771-scaled-e1717268798763-225x150.jpg",225,150,true],"woocommerce_thumbnail":["https:\/\/yamilapica.com\/wp-content\/uploads\/2022\/05\/LMF_7771-scaled-e1717268798763-300x300.jpg",300,300,true],"woocommerce_single":["https:\/\/yamilapica.com\/wp-content\/uploads\/2022\/05\/LMF_7771-scaled-e1717268798763-600x400.jpg",600,400,true],"woocommerce_gallery_thumbnail":["https:\/\/yamilapica.com\/wp-content\/uploads\/2022\/05\/LMF_7771-scaled-e1717268798763-100x100.jpg",100,100,true]},"uagb_author_info":{"display_name":"Yamila Pica","author_link":"https:\/\/yamilapica.com\/index.php\/author\/"},"uagb_comment_info":0,"uagb_excerpt":"M\u00f3dulo 2 del Programa Belleza Honesta Tener en claro nuestra identidad visual tiene que ver con el autoconomiento de nuestra silueta corporal y la morfolog\u00eda de rostro. Descubriendo nuestro tipo de cuerpo podremos hacer elecciones exitosas de las prendas que mejor nos representan y proyectan, al igual que los accesorios para el rostro y cortes&hellip;","_links":{"self":[{"href":"https:\/\/yamilapica.com\/index.php\/wp-json\/wp\/v2\/product\/3820","targetHints":{"allow":["GET"]}}],"collection":[{"href":"https:\/\/yamilapica.com\/index.php\/wp-json\/wp\/v2\/product"}],"about":[{"href":"https:\/\/yamilapica.com\/index.php\/wp-json\/wp\/v2\/types\/product"}],"version-history":[{"count":2,"href":"https:\/\/yamilapica.com\/index.php\/wp-json\/wp\/v2\/product\/3820\/revisions"}],"predecessor-version":[{"id":3823,"href":"https:\/\/yamilapica.com\/index.php\/wp-json\/wp\/v2\/product\/3820\/revisions\/3823"}],"wp:featuredmedia":[{"embeddable":true,"href":"https:\/\/yamilapica.com\/index.php\/wp-json\/wp\/v2\/media\/2353"}],"wp:attachment":[{"href":"https:\/\/yamilapica.com\/index.php\/wp-json\/wp\/v2\/media?parent=3820"}],"wp:term":[{"taxonomy":"product_brand","embeddable":true,"href":"https:\/\/yamilapica.com\/index.php\/wp-json\/wp\/v2\/product_brand?post=3820"},{"taxonomy":"product_cat","embeddable":true,"href":"https:\/\/yamilapica.com\/index.php\/wp-json\/wp\/v2\/product_cat?post=3820"},{"taxonomy":"product_tag","embeddable":true,"href":"https:\/\/yamilapica.com\/index.php\/wp-json\/wp\/v2\/product_tag?post=3820"}],"curies":[{"name":"wp","href":"https:\/\/api.w.org\/{rel}","templated":true}]}}