{"id":2359,"date":"2022-05-18T20:36:08","date_gmt":"2022-05-18T23:36:08","guid":{"rendered":"https:\/\/yamilapica.com\/?post_type=product&#038;p=2359"},"modified":"2024-12-16T08:38:23","modified_gmt":"2024-12-16T11:38:23","slug":"test-de-tipologia-corporal-diagnostico-taller","status":"publish","type":"product","link":"https:\/\/yamilapica.com\/index.php\/producto\/test-de-tipologia-corporal-diagnostico-taller\/","title":{"rendered":"Test de Tipolog\u00eda corporal +Diagn\u00f3stico + Taller + Guia de prendas"},"content":{"rendered":"<div class=\"ast-oembed-container \" style=\"height: 100%;\"><iframe title=\"Cuerpo presentaci\u00f3n\" width=\"500\" height=\"281\" src=\"https:\/\/www.youtube.com\/embed\/zJayl2un5Io?feature=oembed&#038;enablejsapi=1&#038;origin=https:\/\/yamilapica.com\" frameborder=\"0\" allow=\"accelerometer; autoplay; clipboard-write; encrypted-media; gyroscope; picture-in-picture; web-share\" referrerpolicy=\"strict-origin-when-cross-origin\" allowfullscreen><\/iframe><\/div>\n<p>Este taller es parte del programa <strong>BELLEZA HONESTA<\/strong>, en el que vas a poder convertirte en tu propia <strong>ASESORA DE IMAGEN<\/strong>.<\/p>\n<p>Poder definir\u00a0 <strong>cual es nuestra silueta<\/strong> para entender las <strong>prendas que la potencian<\/strong> es un <strong>punto vital del asesoramiento.<\/strong> Entender los cortes de las prendas, las l\u00edneas, vol\u00famenes y colores que <strong>podr\u00e1s utilizar con confianza<\/strong>, comprendiendo las <strong>zonas de atenci\u00f3n visual de tu silueta<\/strong>.<\/p>\n<p>Te ense\u00f1ar\u00e9 a <strong>jugar con el efecto \u00f3ptico<\/strong> del que nos valemos las asesoras de imagen para que puedas dibujar correctamente tu silueta a trav\u00e9s de la elecci\u00f3n acertada de las prendas de vestir.<\/p>\n<p><strong>El poder conocerse es un gran valor para poder trabajar sobre nuestra propia autoestima y\u00a0 valoraci\u00f3n<\/strong>. Reconociendo nuestra silueta entenderemos los colores\u00a0 y cortes que mejor nos quedan\u00a0 en las distintas zonas de nuestro cuerpo, teniendo la posibilidad de elegir con conocimiento que usar y que no.<\/p>\n<p>Una vez que adquieras el test, <strong>te contactaremos por mail\u00a0<\/strong> para\u00a0 que puedas <strong>enviar unas im\u00e1genes y\u00a0 as\u00ed poder realizar el test y diagn\u00f3stico de tu tipolog\u00eda corporal correspondiente<\/strong> y hacerte la devoluci\u00f3n de los resultados.<\/p>\n<p>Junto con los resultados <strong>se te dar\u00e1 el alta en el campus virtual para que puedas tomar el\u00a0 taller correspondiente a tu tipolog\u00eda<\/strong>\u00a0en donde se te brindar\u00e1 toda la informaci\u00f3n necesaria para que sepas como <strong>potenciar tu imagen personal a trav\u00e9s del uso correcto de las prendas, los cortes y las texturas.<\/strong><\/p>\n<p>Recibir\u00e1s tambi\u00e9n una <strong>gu\u00eda de prendas adecuadas para tu tipologia<\/strong> en formato PDF<\/p>\n<p>Si quer\u00e9s s<strong>aber todo sobre\u00a0 tu tipo de cuerpo<\/strong> y no comprar m\u00e1s ropa al divino bot\u00f3n no dudes en realizar este taller del programa Belleza Honesta como punto clave dentro de <strong>tu propio asesoramiento de imagen<\/strong>.<\/p>\n","protected":false},"excerpt":{"rendered":"<p>Este taller es parte del programa <strong>BELLEZA HONESTA<\/strong>, en el que vas a poder convertirte en tu propia <strong>ASESORA DE IMAGEN<\/strong>.<\/p>\n<p>En este taller\u00a0 no solo vas a llevarte <strong>herramientas para la definici\u00f3n de tu tipolog\u00eda corporal<\/strong>, sino que vas\u00a0 aprender sobre la\u00a0<strong> ilusi\u00f3n \u00f3ptica bajo herramientas profesionales<\/strong> para que puedas transformarte en <strong>tu propia asesora de imagen<\/strong>.<\/p>\n<p>Si quer\u00e9s s<strong>aber todo sobre\u00a0 tu tipo de cuerpo<\/strong> y no comprar m\u00e1s ropa al divino bot\u00f3n no dudes en realizar este taller del programa Belleza Honesta como punto clave dentro de <strong>tu propio asesoramiento de imagen<\/strong>.<\/p>\n","protected":false},"featured_media":2353,"template":"","meta":{"_uag_custom_page_level_css":"","site-sidebar-layout":"default","site-content-layout":"default","ast-site-content-layout":"default","site-content-style":"default","site-sidebar-style":"default","ast-global-header-display":"","ast-banner-title-visibility":"","ast-main-header-display":"","ast-hfb-above-header-display":"","ast-hfb-below-header-display":"","ast-hfb-mobile-header-display":"","site-post-title":"disabled","ast-breadcrumbs-content":"disabled","ast-featured-img":"","footer-sml-layout":"","ast-disable-related-posts":"","theme-transparent-header-meta":"default","adv-header-id-meta":"","stick-header-meta":"","header-above-stick-meta":"","header-main-stick-meta":"","header-below-stick-meta":"","astra-migrate-meta-layouts":"default","ast-page-background-enabled":"default","ast-page-background-meta":{"desktop":{"background-color":"","background-image":"","background-repeat":"repeat","background-position":"center center","background-size":"auto","background-attachment":"scroll","background-type":"","background-media":"","overlay-type":"","overlay-color":"","overlay-opacity":"","overlay-gradient":""},"tablet":{"background-color":"","background-image":"","background-repeat":"repeat","background-position":"center center","background-size":"auto","background-attachment":"scroll","background-type":"","background-media":"","overlay-type":"","overlay-color":"","overlay-opacity":"","overlay-gradient":""},"mobile":{"background-color":"","background-image":"","background-repeat":"repeat","background-position":"center center","background-size":"auto","background-attachment":"scroll","background-type":"","background-media":"","overlay-type":"","overlay-color":"","overlay-opacity":"","overlay-gradient":""}},"ast-content-background-meta":{"desktop":{"background-color":"var(--ast-global-color-5)","background-image":"","background-repeat":"repeat","background-position":"center center","background-size":"auto","background-attachment":"scroll","background-type":"","background-media":"","overlay-type":"","overlay-color":"","overlay-opacity":"","overlay-gradient":""},"tablet":{"background-color":"var(--ast-global-color-5)","background-image":"","background-repeat":"repeat","background-position":"center center","background-size":"auto","background-attachment":"scroll","background-type":"","background-media":"","overlay-type":"","overlay-color":"","overlay-opacity":"","overlay-gradient":""},"mobile":{"background-color":"var(--ast-global-color-5)","background-image":"","background-repeat":"repeat","background-position":"center center","background-size":"auto","background-attachment":"scroll","background-type":"","background-media":"","overlay-type":"","overlay-color":"","overlay-opacity":"","overlay-gradient":""}}},"product_brand":[],"product_cat":[153],"product_tag":[],"class_list":{"0":"post-2359","1":"product","2":"type-product","3":"status-publish","4":"has-post-thumbnail","6":"product_cat-talleres-personalizados","7":"post","8":"desktop-align-left","9":"tablet-align-left","10":"mobile-align-left","12":"first","13":"instock","14":"virtual","15":"purchasable","16":"product-type-simple"},"yoast_head":"<!-- This site is optimized with the Yoast SEO plugin v27.5 - https:\/\/yoast.com\/product\/yoast-seo-wordpress\/ -->\n<title>Test de Tipolog\u00eda corporal +Diagn\u00f3stico + Taller + Guia de prendas -<\/title>\n<meta name=\"description\" content=\"Recib\u00ed tu test de tipolog\u00eda corporal para conocer tu tipo de cuerpo con la ayuda de una asesora de imagen, y aprende a elegir las prendas ideales para vos\" \/>\n<meta name=\"robots\" content=\"index, follow, max-snippet:-1, max-image-preview:large, max-video-preview:-1\" \/>\n<link rel=\"canonical\" href=\"https:\/\/yamilapica.com\/index.php\/producto\/test-de-tipologia-corporal-diagnostico-taller\/\" \/>\n<meta property=\"og:locale\" content=\"es_ES\" \/>\n<meta property=\"og:type\" content=\"article\" \/>\n<meta property=\"og:title\" content=\"Test de Tipolog\u00eda corporal +Diagn\u00f3stico + Taller + Guia de prendas -\" \/>\n<meta property=\"og:description\" content=\"Recib\u00ed tu test de tipolog\u00eda corporal para conocer tu tipo de cuerpo con la ayuda de una asesora de imagen, y aprende a elegir las prendas ideales para vos\" \/>\n<meta property=\"og:url\" content=\"https:\/\/yamilapica.com\/index.php\/producto\/test-de-tipologia-corporal-diagnostico-taller\/\" \/>\n<meta property=\"og:site_name\" content=\"Asesora de Imagen- Yamila Pica\" \/>\n<meta property=\"article:modified_time\" content=\"2024-12-16T11:38:23+00:00\" \/>\n<meta property=\"og:image\" content=\"https:\/\/yamilapica.com\/wp-content\/uploads\/2022\/05\/LMF_7771-scaled-e1717268798763.jpg\" \/>\n\t<meta property=\"og:image:width\" content=\"1365\" \/>\n\t<meta property=\"og:image:height\" content=\"911\" \/>\n\t<meta property=\"og:image:type\" content=\"image\/jpeg\" \/>\n<meta name=\"twitter:card\" content=\"summary_large_image\" \/>\n<meta name=\"twitter:label1\" content=\"Tiempo de lectura\" \/>\n\t<meta name=\"twitter:data1\" content=\"2 minutos\" \/>\n<script type=\"application\/ld+json\" class=\"yoast-schema-graph\">{\"@context\":\"https:\\\/\\\/schema.org\",\"@graph\":[{\"@type\":\"WebPage\",\"@id\":\"https:\\\/\\\/yamilapica.com\\\/index.php\\\/producto\\\/test-de-tipologia-corporal-diagnostico-taller\\\/\",\"url\":\"https:\\\/\\\/yamilapica.com\\\/index.php\\\/producto\\\/test-de-tipologia-corporal-diagnostico-taller\\\/\",\"name\":\"Test de Tipolog\u00eda corporal +Diagn\u00f3stico + Taller + Guia de prendas -\",\"isPartOf\":{\"@id\":\"https:\\\/\\\/yamilapica.com\\\/#website\"},\"primaryImageOfPage\":{\"@id\":\"https:\\\/\\\/yamilapica.com\\\/index.php\\\/producto\\\/test-de-tipologia-corporal-diagnostico-taller\\\/#primaryimage\"},\"image\":{\"@id\":\"https:\\\/\\\/yamilapica.com\\\/index.php\\\/producto\\\/test-de-tipologia-corporal-diagnostico-taller\\\/#primaryimage\"},\"thumbnailUrl\":\"https:\\\/\\\/yamilapica.com\\\/wp-content\\\/uploads\\\/2022\\\/05\\\/LMF_7771-scaled-e1717268798763.jpg\",\"datePublished\":\"2022-05-18T23:36:08+00:00\",\"dateModified\":\"2024-12-16T11:38:23+00:00\",\"description\":\"Recib\u00ed tu test de tipolog\u00eda corporal para conocer tu tipo de cuerpo con la ayuda de una asesora de imagen, y aprende a elegir las prendas ideales para vos\",\"breadcrumb\":{\"@id\":\"https:\\\/\\\/yamilapica.com\\\/index.php\\\/producto\\\/test-de-tipologia-corporal-diagnostico-taller\\\/#breadcrumb\"},\"inLanguage\":\"es\",\"potentialAction\":[{\"@type\":\"ReadAction\",\"target\":[\"https:\\\/\\\/yamilapica.com\\\/index.php\\\/producto\\\/test-de-tipologia-corporal-diagnostico-taller\\\/\"]}]},{\"@type\":\"ImageObject\",\"inLanguage\":\"es\",\"@id\":\"https:\\\/\\\/yamilapica.com\\\/index.php\\\/producto\\\/test-de-tipologia-corporal-diagnostico-taller\\\/#primaryimage\",\"url\":\"https:\\\/\\\/yamilapica.com\\\/wp-content\\\/uploads\\\/2022\\\/05\\\/LMF_7771-scaled-e1717268798763.jpg\",\"contentUrl\":\"https:\\\/\\\/yamilapica.com\\\/wp-content\\\/uploads\\\/2022\\\/05\\\/LMF_7771-scaled-e1717268798763.jpg\",\"width\":1365,\"height\":911,\"caption\":\"Yamila pica Asesora de imagen\"},{\"@type\":\"BreadcrumbList\",\"@id\":\"https:\\\/\\\/yamilapica.com\\\/index.php\\\/producto\\\/test-de-tipologia-corporal-diagnostico-taller\\\/#breadcrumb\",\"itemListElement\":[{\"@type\":\"ListItem\",\"position\":1,\"name\":\"Portada\",\"item\":\"https:\\\/\\\/yamilapica.com\\\/\"},{\"@type\":\"ListItem\",\"position\":2,\"name\":\"Tienda\",\"item\":\"https:\\\/\\\/yamilapica.com\\\/index.php\\\/tienda\\\/\"},{\"@type\":\"ListItem\",\"position\":3,\"name\":\"Test de Tipolog\u00eda corporal +Diagn\u00f3stico + Taller + Guia de prendas\"}]},{\"@type\":\"WebSite\",\"@id\":\"https:\\\/\\\/yamilapica.com\\\/#website\",\"url\":\"https:\\\/\\\/yamilapica.com\\\/\",\"name\":\"Yamila Pica - Bienvenida a tu Belleza Honesta!\",\"description\":\"ASESORA DE IMAGEN\",\"publisher\":{\"@id\":\"https:\\\/\\\/yamilapica.com\\\/#\\\/schema\\\/person\\\/0b49a5249c773db8925680f7cb8be734\"},\"potentialAction\":[{\"@type\":\"SearchAction\",\"target\":{\"@type\":\"EntryPoint\",\"urlTemplate\":\"https:\\\/\\\/yamilapica.com\\\/?s={search_term_string}\"},\"query-input\":{\"@type\":\"PropertyValueSpecification\",\"valueRequired\":true,\"valueName\":\"search_term_string\"}}],\"inLanguage\":\"es\"},{\"@type\":[\"Person\",\"Organization\"],\"@id\":\"https:\\\/\\\/yamilapica.com\\\/#\\\/schema\\\/person\\\/0b49a5249c773db8925680f7cb8be734\",\"name\":\"Yamila Pica\",\"image\":{\"@type\":\"ImageObject\",\"inLanguage\":\"es\",\"@id\":\"https:\\\/\\\/yamilapica.com\\\/wp-content\\\/uploads\\\/2022\\\/04\\\/Webp.net-resizeimage-13.jpg\",\"url\":\"https:\\\/\\\/yamilapica.com\\\/wp-content\\\/uploads\\\/2022\\\/04\\\/Webp.net-resizeimage-13.jpg\",\"contentUrl\":\"https:\\\/\\\/yamilapica.com\\\/wp-content\\\/uploads\\\/2022\\\/04\\\/Webp.net-resizeimage-13.jpg\",\"width\":250,\"height\":78,\"caption\":\"Yamila Pica\"},\"logo\":{\"@id\":\"https:\\\/\\\/yamilapica.com\\\/wp-content\\\/uploads\\\/2022\\\/04\\\/Webp.net-resizeimage-13.jpg\"},\"sameAs\":[\"http:\\\/\\\/www.yamilapica.com\"]}]}<\/script>\n<!-- \/ Yoast SEO plugin. -->","yoast_head_json":{"title":"Test de Tipolog\u00eda corporal +Diagn\u00f3stico + Taller + Guia de prendas -","description":"Recib\u00ed tu test de tipolog\u00eda corporal para conocer tu tipo de cuerpo con la ayuda de una asesora de imagen, y aprende a elegir las prendas ideales para vos","robots":{"index":"index","follow":"follow","max-snippet":"max-snippet:-1","max-image-preview":"max-image-preview:large","max-video-preview":"max-video-preview:-1"},"canonical":"https:\/\/yamilapica.com\/index.php\/producto\/test-de-tipologia-corporal-diagnostico-taller\/","og_locale":"es_ES","og_type":"article","og_title":"Test de Tipolog\u00eda corporal +Diagn\u00f3stico + Taller + Guia de prendas -","og_description":"Recib\u00ed tu test de tipolog\u00eda corporal para conocer tu tipo de cuerpo con la ayuda de una asesora de imagen, y aprende a elegir las prendas ideales para vos","og_url":"https:\/\/yamilapica.com\/index.php\/producto\/test-de-tipologia-corporal-diagnostico-taller\/","og_site_name":"Asesora de Imagen- Yamila Pica","article_modified_time":"2024-12-16T11:38:23+00:00","og_image":[{"width":1365,"height":911,"url":"https:\/\/yamilapica.com\/wp-content\/uploads\/2022\/05\/LMF_7771-scaled-e1717268798763.jpg","type":"image\/jpeg"}],"twitter_card":"summary_large_image","twitter_misc":{"Tiempo de lectura":"2 minutos"},"schema":{"@context":"https:\/\/schema.org","@graph":[{"@type":"WebPage","@id":"https:\/\/yamilapica.com\/index.php\/producto\/test-de-tipologia-corporal-diagnostico-taller\/","url":"https:\/\/yamilapica.com\/index.php\/producto\/test-de-tipologia-corporal-diagnostico-taller\/","name":"Test de Tipolog\u00eda corporal +Diagn\u00f3stico + Taller + Guia de prendas -","isPartOf":{"@id":"https:\/\/yamilapica.com\/#website"},"primaryImageOfPage":{"@id":"https:\/\/yamilapica.com\/index.php\/producto\/test-de-tipologia-corporal-diagnostico-taller\/#primaryimage"},"image":{"@id":"https:\/\/yamilapica.com\/index.php\/producto\/test-de-tipologia-corporal-diagnostico-taller\/#primaryimage"},"thumbnailUrl":"https:\/\/yamilapica.com\/wp-content\/uploads\/2022\/05\/LMF_7771-scaled-e1717268798763.jpg","datePublished":"2022-05-18T23:36:08+00:00","dateModified":"2024-12-16T11:38:23+00:00","description":"Recib\u00ed tu test de tipolog\u00eda corporal para conocer tu tipo de cuerpo con la ayuda de una asesora de imagen, y aprende a elegir las prendas ideales para vos","breadcrumb":{"@id":"https:\/\/yamilapica.com\/index.php\/producto\/test-de-tipologia-corporal-diagnostico-taller\/#breadcrumb"},"inLanguage":"es","potentialAction":[{"@type":"ReadAction","target":["https:\/\/yamilapica.com\/index.php\/producto\/test-de-tipologia-corporal-diagnostico-taller\/"]}]},{"@type":"ImageObject","inLanguage":"es","@id":"https:\/\/yamilapica.com\/index.php\/producto\/test-de-tipologia-corporal-diagnostico-taller\/#primaryimage","url":"https:\/\/yamilapica.com\/wp-content\/uploads\/2022\/05\/LMF_7771-scaled-e1717268798763.jpg","contentUrl":"https:\/\/yamilapica.com\/wp-content\/uploads\/2022\/05\/LMF_7771-scaled-e1717268798763.jpg","width":1365,"height":911,"caption":"Yamila pica Asesora de imagen"},{"@type":"BreadcrumbList","@id":"https:\/\/yamilapica.com\/index.php\/producto\/test-de-tipologia-corporal-diagnostico-taller\/#breadcrumb","itemListElement":[{"@type":"ListItem","position":1,"name":"Portada","item":"https:\/\/yamilapica.com\/"},{"@type":"ListItem","position":2,"name":"Tienda","item":"https:\/\/yamilapica.com\/index.php\/tienda\/"},{"@type":"ListItem","position":3,"name":"Test de Tipolog\u00eda corporal +Diagn\u00f3stico + Taller + Guia de prendas"}]},{"@type":"WebSite","@id":"https:\/\/yamilapica.com\/#website","url":"https:\/\/yamilapica.com\/","name":"Yamila Pica - Bienvenida a tu Belleza Honesta!","description":"ASESORA DE IMAGEN","publisher":{"@id":"https:\/\/yamilapica.com\/#\/schema\/person\/0b49a5249c773db8925680f7cb8be734"},"potentialAction":[{"@type":"SearchAction","target":{"@type":"EntryPoint","urlTemplate":"https:\/\/yamilapica.com\/?s={search_term_string}"},"query-input":{"@type":"PropertyValueSpecification","valueRequired":true,"valueName":"search_term_string"}}],"inLanguage":"es"},{"@type":["Person","Organization"],"@id":"https:\/\/yamilapica.com\/#\/schema\/person\/0b49a5249c773db8925680f7cb8be734","name":"Yamila Pica","image":{"@type":"ImageObject","inLanguage":"es","@id":"https:\/\/yamilapica.com\/wp-content\/uploads\/2022\/04\/Webp.net-resizeimage-13.jpg","url":"https:\/\/yamilapica.com\/wp-content\/uploads\/2022\/04\/Webp.net-resizeimage-13.jpg","contentUrl":"https:\/\/yamilapica.com\/wp-content\/uploads\/2022\/04\/Webp.net-resizeimage-13.jpg","width":250,"height":78,"caption":"Yamila Pica"},"logo":{"@id":"https:\/\/yamilapica.com\/wp-content\/uploads\/2022\/04\/Webp.net-resizeimage-13.jpg"},"sameAs":["http:\/\/www.yamilapica.com"]}]}},"uagb_featured_image_src":{"full":["https:\/\/yamilapica.com\/wp-content\/uploads\/2022\/05\/LMF_7771-scaled-e1717268798763.jpg",1365,911,false],"thumbnail":["https:\/\/yamilapica.com\/wp-content\/uploads\/2022\/05\/LMF_7771-scaled-e1717268798763-150x150.jpg",150,150,true],"medium":["https:\/\/yamilapica.com\/wp-content\/uploads\/2022\/05\/LMF_7771-scaled-e1717268798763-300x200.jpg",300,200,true],"medium_large":["https:\/\/yamilapica.com\/wp-content\/uploads\/2022\/05\/LMF_7771-scaled-e1717268798763-768x513.jpg",768,513,true],"large":["https:\/\/yamilapica.com\/wp-content\/uploads\/2022\/05\/LMF_7771-scaled-e1717268798763-1024x683.jpg",1024,683,true],"1536x1536":["https:\/\/yamilapica.com\/wp-content\/uploads\/2022\/05\/LMF_7771-1025x1536.jpg",1025,1536,true],"2048x2048":["https:\/\/yamilapica.com\/wp-content\/uploads\/2022\/05\/LMF_7771-1367x2048.jpg",1367,2048,true],"course_archive_thumbnail":["https:\/\/yamilapica.com\/wp-content\/uploads\/2022\/05\/LMF_7771-scaled-e1717268798763-150x100.jpg",150,100,true],"course_single_thumbnail":["https:\/\/yamilapica.com\/wp-content\/uploads\/2022\/05\/LMF_7771-scaled-e1717268798763-150x100.jpg",150,100,true],"lesson_archive_thumbnail":["https:\/\/yamilapica.com\/wp-content\/uploads\/2022\/05\/LMF_7771-scaled-e1717268798763-225x150.jpg",225,150,true],"lesson_single_thumbnail":["https:\/\/yamilapica.com\/wp-content\/uploads\/2022\/05\/LMF_7771-scaled-e1717268798763-225x150.jpg",225,150,true],"woocommerce_thumbnail":["https:\/\/yamilapica.com\/wp-content\/uploads\/2022\/05\/LMF_7771-scaled-e1717268798763-300x300.jpg",300,300,true],"woocommerce_single":["https:\/\/yamilapica.com\/wp-content\/uploads\/2022\/05\/LMF_7771-scaled-e1717268798763-600x400.jpg",600,400,true],"woocommerce_gallery_thumbnail":["https:\/\/yamilapica.com\/wp-content\/uploads\/2022\/05\/LMF_7771-scaled-e1717268798763-100x100.jpg",100,100,true]},"uagb_author_info":{"display_name":"Yamila Pica","author_link":"https:\/\/yamilapica.com\/index.php\/author\/"},"uagb_comment_info":0,"uagb_excerpt":"Este taller es parte del programa BELLEZA HONESTA, en el que vas a poder convertirte en tu propia ASESORA DE IMAGEN. En este taller\u00a0 no solo vas a llevarte herramientas para la definici\u00f3n de tu tipolog\u00eda corporal, sino que vas\u00a0 aprender sobre la\u00a0 ilusi\u00f3n \u00f3ptica bajo herramientas profesionales para que puedas transformarte en tu propia&hellip;","_links":{"self":[{"href":"https:\/\/yamilapica.com\/index.php\/wp-json\/wp\/v2\/product\/2359","targetHints":{"allow":["GET"]}}],"collection":[{"href":"https:\/\/yamilapica.com\/index.php\/wp-json\/wp\/v2\/product"}],"about":[{"href":"https:\/\/yamilapica.com\/index.php\/wp-json\/wp\/v2\/types\/product"}],"version-history":[{"count":2,"href":"https:\/\/yamilapica.com\/index.php\/wp-json\/wp\/v2\/product\/2359\/revisions"}],"predecessor-version":[{"id":3581,"href":"https:\/\/yamilapica.com\/index.php\/wp-json\/wp\/v2\/product\/2359\/revisions\/3581"}],"wp:featuredmedia":[{"embeddable":true,"href":"https:\/\/yamilapica.com\/index.php\/wp-json\/wp\/v2\/media\/2353"}],"wp:attachment":[{"href":"https:\/\/yamilapica.com\/index.php\/wp-json\/wp\/v2\/media?parent=2359"}],"wp:term":[{"taxonomy":"product_brand","embeddable":true,"href":"https:\/\/yamilapica.com\/index.php\/wp-json\/wp\/v2\/product_brand?post=2359"},{"taxonomy":"product_cat","embeddable":true,"href":"https:\/\/yamilapica.com\/index.php\/wp-json\/wp\/v2\/product_cat?post=2359"},{"taxonomy":"product_tag","embeddable":true,"href":"https:\/\/yamilapica.com\/index.php\/wp-json\/wp\/v2\/product_tag?post=2359"}],"curies":[{"name":"wp","href":"https:\/\/api.w.org\/{rel}","templated":true}]}}